) = s**2 - 2007*s - 24273. What is r(-12)?
-45
Let q(m) = -2*m**2 + 42*m + 421. What is q(27)?
97
Let v(c) = -6*c**2 + 451*c + 4442. Give v(84).
-10
Let k(w) = w**2 - 210*w - 3854. What is k(-17)?
5
Let t(k) = -4*k**2 + 162*k + 50. Determine t(41).
-32
Let a(m) = 1468*m + 32305. What is a(-22)?
9
Let i(o) = 40*o - 126. Calculate i(4).
34
Let c(h) = -h**2 + 99*h + 18442. Determine c(194).
12
Let l(k) = 3*k**2 - 21*k - 14. Give l(6).
-32
Let n(c) = 68*c - 350. Determine n(5).
-10
Let i(a) = -a**3 - 30*a**2 + 32*a - 41. Give i(-31).
-72
Let l(z) = 116*z - 449. What is l(5)?
131
Let b(q) = -13*q**2 - 1536*q - 239. Determine b(-118).
-3
Let u(t) = t**3 + 7*t**2 + 6*t + 26. Calculate u(0).
26
Let m(p) = 447*p + 49621. Determine m(-111).
4
Let a(v) = -v**3 - 208*v**2 - 1011*v + 818. Calculate a(-203).
6
Let w(s) = -136*s + 7384. What is w(54)?
40
Let p(t) = 987*t - 6891. What is p(7)?
18
Let w(j) = -4*j + 79. Give w(12).
31
Let q(a) = -264*a + 1555. What is q(6)?
-29
Let b(k) = -k**3 + 165*k**2 + 1028*k - 365. What is b(171)?
-23
Let b(i) = -22*i**2 - 554*i + 1742. Determine b(-28).
6
Let l(x) = x**2 + 24*x - 236. Determine l(-30).
-56
Let q(i) = -2*i**3 + 13*i**2 + 6*i - 2. Calculate q(7).
-9
Let q(n) = n**2 - 21*n + 71. Give q(21).
71
Let c(f) = -7*f**2 - 50*f + 142. Determine c(3).
-71
Let w(a) = a**3 - 5*a**2 - 19*a - 3. Calculate w(8).
37
Let x(k) = k**3 + 8*k**2 - 4*k - 90. What is x(-5)?
5
Let k(g) = -g**3 + 7*g**2 - 15*g + 5. Determine k(4).
-7
Let k(d) = 10*d + 50. Give k(-5).
0
Let b(z) = -3*z**3 - 2*z**2 + 7*z - 13. Give b(-3).
29
Let p(h) = 2*h**2 - 39*h - 270. What is p(25)?
5
Let r(u) = 109*u + 1419. Give r(-13).
2
Let q(l) = 286*l - 2285. What is q(8)?
3
Let v(c) = 181*c + 2551. Determine v(-14).
17
Let t(h) = -2*h**2 - 804*h - 50. Determine t(0).
-50
Let m(z) = -z**3 + 95*z**2 + 2*z - 196. Determine m(95).
-6
Let l(r) = r**2 - 214*r - 1313. Determine l(-6).
7
Let t(z) = 3*z - 54. Give t(7).
-33
Let w(y) = y**2 - 21*y - 65. Give w(25).
35
Let p(l) = l**3 + 13*l**2 + 106*l + 624. Calculate p(-9).
-6
Let p(t) = -2*t**2 + 213*t + 213. Determine p(-1).
-2
Let a(t) = 354*t - 2113. Determine a(6).
11
Let p(f) = -33*f - 2733. Calculate p(-87).
138
Let u(i) = -47*i + 335. Calculate u(6).
53
Let k(n) = 172*n + 963. Calculate k(-6).
-69
Let h(d) = 20*d - 690. Calculate h(35).
10
Let r(p) = 2*p**2 - 274*p + 2455. Determine r(9).
151
Let a(u) = 4*u**2 - 14*u - 409. Determine a(-14).
571
Let k(d) = -202*d - 1014. Determine k(-5).
-4
Let f(o) = o**3 + 25*o + 57. Determine f(-4).
-107
Let g(w) = w**3 - 4*w**2 + 8*w + 26. Give g(-2).
-14
Let v(s) = s - 1019. Calculate v(30).
-989
Let s(q) = -q**2 + 63*q - 334. Determine s(6).
8
Let x(g) = 19*g**2 - 16*g - 8. Determine x(-1).
27
Let q(z) = -545*z - 37062. Calculate q(-68).
-2
Let t(y) = -2*y**3 + 4*y**2 + y - 17. Give t(3).
-32
Let j(t) = 10*t**2 + 140*t + 10. What is j(-14)?
10
Let h(k) = k**2 + 424*k + 1677. Calculate h(-4).
-3
Let p(m) = -m**3 + m**2 + 64*m + 73. What is p(9)?
1
Let w(n) = 4*n + 247. What is w(-61)?
3
Let u(r) = -3*r**3 - 35*r**2 + 16*r + 62. Give u(-12).
14
Let f(d) = -39*d + 2187. What is f(57)?
-36
Let f(y) = -y**3 - 109*y**2 + 330*y - 699. What is f(-112)?
-27
Let f(c) = -c**3 - 11*c**2 + 14*c - 152. What is f(-13)?
4
Let h(f) = 268*f + 11892. What is h(-44)?
100
Let j(f) = -212*f + 72. Calculate j(-3).
708
Let x(c) = -2*c**2 + 159*c + 110. What is x(80)?
30
Let z(m) = 24*m**2 + 52*m + 82. Give z(-4).
258
Let d(x) = -79*x + 231. Determine d(3).
-6
Let u(c) = 6*c**2 + 20*c - 17. Calculate u(6).
319
Let h(b) = -25*b**2 + 1. What is h(-2)?
-99
Let l(s) = -6*s**3 - 2*s**2 + 75*s + 284. Give l(-4).
336
Let x(g) = -21*g - 1067. Give x(-83).
676
Let q(d) = 9*d**3 - 1847*d**2 + 412*d - 415. Give q(205).
-5
Let r(i) = -i**3 + 14*i**2 - 50*i + 75. What is r(10)?
-25
Let o(l) = -l**3 + 78*l**2 + 245*l - 190. Calculate o(81).
-28
Let x(j) = -15*j**3 + 6*j**2 - 9*j + 2. What is x(1)?
-16
Let b(i) = 84*i + 10795. Calculate b(-129).
-41
Let o(k) = -8*k - 255. Calculate o(-31).
-7
Let f(l) = l**3 + 21*l**2 - 35*l + 40. Give f(-22).
326
Let v(r) = -r**2 - 292*r - 14425. What is v(-63)?
2
Let x(b) = -b**3 - 4*b**2 - 155*b - 1061. What is x(-7)?
171
Let u(d) = -d**2 - 101*d - 2261. What is u(-48)?
283
Let c(z) = 256*z + 57856. Calculate c(-226).
0
Let u(n) = 7*n**3 + 113*n**2 + 19*n + 67. Calculate u(-16).
19
Let v(t) = 8*t**3 + 30*t**2 - 11*t - 35. Calculate v(-4).
-23
Let j(r) = 57*r + 5644. Determine j(-99).
1
Let h(w) = -66*w - 804. What is h(-12)?
-12
Let n(k) = -k**2 - 292*k - 18718. Give n(-197).
-3
Let n(p) = p**3 + 50*p**2 + 62*p - 1614. What is n(-48)?
18
Let d(g) = -2*g**2 - 175*g + 717. Determine d(4).
-15
Let l(d) = 3*d**2 + 63*d + 108. What is l(-19)?
-6
Let m(l) = -2*l**3 + 58*l**2 - 49*l - 202. Give m(28).
-6
Let j(k) = k**3 - 8*k**2 - 3*k - 39. Give j(8).
-63
Let o(s) = 37*s**2 - 3183*s + 99. Give o(86).
13
Let c(w) = -1962*w + 9803. Determine c(5).
-7
Let a(d) = -2*d**3 + 27*d**2 + 511*d - 172. Determine a(24).
-4
Let p(a) = -a**3 - 17*a**2 + 38*a + 9. Calculate p(-19).
9
Let i(z) = -z**3 + 6*z**2 + 89*z - 467. What is i(5)?
3
Let y(w) = -w**3 - 2*w**2 + 28*w + 80. What is y(-3)?
5
Let g(q) = -5*q**2 - 612*q - 257. What is g(-122)?
-13
Let u(x) = -2*x**2 - 13*x + 7. Determine u(-7).
0
Let v(p) = 34*p + 432. Give v(-6).
228
Let y(s) = 14*s + 469. Calculate y(-42).
-119
Let f(u) = -u**2 - 95*u + 7472. Give f(52).
-172
Let v(c) = -c**3 + 47*c**2 + 72*c - 978. Determine v(4).
-2
Let i(r) = 16599*r + 66397. Determine i(-4).
1
Let d(r) = -249*r + 45813. Give d(184).
-3
Let v(p) = -2*p**2 + 26*p + 67. Determine v(19).
-161
Let m(d) = 2*d**3 + 70*d**2 - 75*d - 84. What is m(-36)?
24
Let k(r) = r**3 - 20*r**2 + 60*r - 417. What is k(18)?
15
Let u(i) = 45*i**3 - 13*i + 12. Determine u(1).
44
Let r(q) = -2*q**3 + 39*q**2 + 25*q - 86. Determine r(20).
14
Let y(h) = -26*h + 1112. What is y(43)?
-6
Let f(b) = -b**3 - 43*b**2 + 86*b - 146. Give f(-45).
34
Let b(h) = 1715*h + 1665. Calculate b(-1).
-50
Let n(i) = -120*i - 3377. Determine n(-28).
-17
Let w(o) = -5*o**2 - 182*o - 82. Give w(-36).
-10
Let c(v) = -v**2 + 320*v + 2007. Give c(-6).
51
Let y(l) = 9*l**3 + 2*l**2 - 28*l + 16. Calculate y(0).
16
Let p(x) = 171*x - 339. Determine p(2).
3
Let h(f) = -626*f + 3803. Determine h(7).
-579
Let r(p) = p**2 + 144*p + 3075. Determine r(-26).
7
Let i(b) = -b**3 + 3*b**2 - 9*b - 2. Determine i(0).
-2
Let x(j) = j**2 - 59*j - 381. Give x(-6).
9
Let v(g) = 41*g**3 + 2*g**2 + 5*g + 4. Calculate v(3).
1144
Let q(w) = -14*w**2 + 338*w - 612. Determine q(2).
8
Let m(q) = 1319*q**2 - 5*q - 13. Give m(-1).
1311
Let q(b) = b**3 - 25*b**2 - 57*b + 176. Give q(27).
95
Let f(v) = -487*v + 3888. What is f(8)?
-8
Let u(q) = 4*q**2 + 314*q + 3818. Determine u(-15).
8
Let y(t) = 3*t**2 - 15*t + 40. What is y(6)?
58
Let v(b) = 2*b**2 - 8*b - 2. What is v(6)?
22
Let c(u) = -u**3 - 10*u**2 - 9*u - 23. Calculate c(-8).
-79
Let p(i) = 6*i**2 + 195*i + 1576. Calculate p(-18).
10
Let o(p) = p**3 + 6*p**2 - 17*p + 21. What is o(5)?
211
Let q(g) = -25*g + 675. Give q(27).
0
Let a(c) = -3*c**3 + 81*c**2 - 5*c + 149. What is a(27)?
14
Let h(f) = -f**2 - 123*f - 2053. Give h(-103).
7
Let k(m) = -5*m**2 - 68*m - 41. Calculate k(-12).
55
Let u(w) = -w**3 + 141*w**2 - 145*w + 698. Calculate u(140).
-2
Let i(o) = o**2 - 47*o + 97. Give i(8).
-215
Let u(h) = 14*h + 1156. Calculate u(-86).
-48
Let s(l) = l**3 - 12*l**2 + 24*l - 1. Calculate s(10).
39
Let i(l) = l**3 - 4*l**2 + 4169*l - 25091. Determine i(6).
-5
Let s(p) = 60*p + 47. Determine s(0).
47
Let i(k) = 179*k + 35063. Give i(-196).
-21
Let v(a) = 16*a**2 - 139*a - 14. Give v(9).
31
Let j(v) = -v**3 - 36*v**2 + 167*v + 3478. Determine j(-38).
20
Let m(n) = 8352*n - 50129. Determine m(6).
-17
Let a(h) = -4*h - 189. Determine a(46).
-373
Let c(i) = -i**3 + 3*i**2 + 56*i. What is c(8)?
128
Let q(b) = -80*b - 320. Determine q(-4).
0
Let v(s) = s**2 + 39*s + 221. What is v(-7)?
-3
Let y(w) = w**2 + 126*w + 1568. Give y(-14).
0
Let j(m) = -2*m**2 - 14*m - 46. Calculate j(-7).
-46
Let t(p) = -96*p**2 + 1441*p - 8. What is t(15)?
7
Let w(l) = -l**2 - 16*l - 120. Give w(-11).
-65
Let b(n) = -n**2 - 7*n + 186. Determine b(28).
-794
Let p(l) = -61*l - 269. Give p(-6).
97
Let y(q) 